ctor of 26064 and 9438426.
3258
What is the highest common divisor of 581 and 3284725?
83
Calculate the highest common factor of 746913 and 288.
3
Calculate the greatest common factor of 83 and 15782201.
83
What is the greatest common factor of 3103 and 899?
29
What is the greatest common factor of 531988140 and 9?
3
Calculate the greatest common divisor of 137141140 and 40.
20
What is the greatest common divisor of 12856619 and 3791?
223
What is the greatest common divisor of 1552206 and 2794819?
4241
What is the greatest common divisor of 39913 and 87508?
167
Calculate the highest common divisor of 1464024 and 420.
12
Calculate the greatest common factor of 52706 and 524894.
722
Calculate the highest common divisor of 384506872 and 8.
8
What is the greatest common divisor of 528 and 1439251?
11
Calculate the greatest common factor of 13447 and 153986.
119
What is the greatest common factor of 356992 and 4192?
32
What is the highest common factor of 382 and 13629569?
191
What is the highest common divisor of 3267270 and 2160?
270
Calculate the greatest common factor of 654746 and 1886228.
538
Calculate the greatest common divisor of 3355 and 6839503.
671
Calculate the highest common divisor of 122353870 and 2930.
2930
Calculate the greatest common factor of 4995 and 41331627.
999
Calculate the highest common divisor of 609 and 84658511.
203
Calculate the greatest common factor of 4105372 and 404.
4
Calculate the highest common factor of 555492 and 4497618.
2334
Calculate the highest common divisor of 1126 and 7736183.
563
Calculate the greatest common factor of 791310 and 355290.
390
What is the highest common factor of 12317421 and 23472?
489
What is the greatest common divisor of 6574 and 106568?
346
What is the greatest common factor of 34051 and 7597379?
2003
Calculate the highest common factor of 6429248 and 84.
28
What is the greatest common factor of 8519 and 5029861?
1217
Calculate the highest common factor of 1252968 and 95608.
5032
What is the greatest common factor of 3940 and 3439903680?
3940
What is the greatest common factor of 176396 and 552805?
209
Calculate the greatest common divisor of 44 and 39272266.
22
What is the highest common factor of 41355364 and 3231?
359
What is the greatest common factor of 7412 and 12846195?
109
Calculate the greatest common divisor of 18 and 3252357.
9
Calculate the greatest common factor of 2206 and 27479039.
1103
What is the highest common factor of 35667 and 93960?
27
What is the highest common factor of 134377324 and 188?
188
What is the highest common divisor of 22127270 and 605?
605
What is the greatest common divisor of 86625 and 64449?
693
What is the greatest common divisor of 488 and 37792?
8
What is the greatest common factor of 24800 and 12196144?
496
What is the highest common divisor of 328003 and 1495?
299
Calculate the highest common divisor of 1649500 and 1750.
250
What is the highest common factor of 20925 and 36540?
45
Calculate the greatest common factor of 3064 and 2864457.
383
Calculate the greatest common divisor of 678 and 6225546.
6
What is the greatest common factor of 94 and 26801374?
94
What is the greatest common divisor of 4752723 and 1392?
87
Calculate the greatest common factor of 31483634 and 546.
182
What is the greatest common divisor of 102814807 and 736?
23
What is the highest common divisor of 18 and 685991490?
6
Calculate the greatest common factor of 387 and 65865551.
43
Calculate the highest common divisor of 748686 and 1146.
6
Calculate the greatest common divisor of 15425022 and 1108.
554
Calculate the greatest common divisor of 88 and 2982562.
22
Calculate the highest common factor of 1014966 and 25086.
678
What is the greatest common divisor of 337485246 and 588?
294
What is the greatest common factor of 130 and 317790005?
65
Calculate the highest common divisor of 11063224 and 72.
8
What is the highest common divisor of 100672 and 4076800?
832
What is the greatest common factor of 1496 and 16979006?
22
What is the greatest common divisor of 394 and 31421894?
394
What is the highest common factor of 973453 and 24102?
1339
What is the greatest common factor of 111403 and 4242?
101
Calculate the greatest common factor of 168865 and 37.
1
What is the highest common factor of 47313 and 47826?
9
Calculate the highest common factor of 1038370 and 2510.
10
What is the greatest common factor of 784 and 217931?
7
Calculate the highest common divisor of 2314553 and 124.
31
Calculate the greatest common divisor of 34310979 and 684.
171
What is the highest common divisor of 43932 and 1554879?
1569
Calculate the greatest common divisor of 338310 and 260624.
2506
Calculate the greatest common factor of 21275170 and 70.
70
Calculate the greatest common divisor of 1107282 and 40128.
1254
What is the highest common factor of 25594 and 321262?
382
Calculate the greatest common divisor of 5564 and 2512039.
107
What is the highest common divisor of 1720 and 105197866?
86
What is the greatest common factor of 36645 and 5420485?
35
Calculate the greatest common factor of 19536917 and 365.
73
What is the highest common divisor of 28336 and 133058772?
7084
Calculate the highest common divisor of 21 and 21821436.
21
What is the greatest common divisor of 15 and 467542535?
5
Calculate the highest common divisor of 11223 and 34552134.
387
Calculate the greatest common divisor of 22748 and 6826468.
2068
What is the greatest common factor of 1531595 and 1625?
65
What is the greatest common divisor of 85 and 15584755?
5
Calculate the highest common divisor of 54111 and 17939388.
3183
What is the highest common factor of 121912871 and 2179?
2179
What is the highest common divisor of 3981663 and 7161?
21
Calculate the highest common divisor of 161654 and 374398.
262
What is the highest common divisor of 969096 and 1448?
8
Calculate the greatest common factor of 7650553 and 1.
1
Calculate the greatest common factor of 4 and 528318.
2
What is the greatest common divisor of 3182 and 94451306?
3182
What is the greatest common factor of 8420277 and 138?
69
Calculate the greatest common divisor of 8 and 322298736.
8
What is the highest common factor of 27357601 and 818?
409
What is the highest common divisor of 585 and 16943875?
65
What is the greatest common factor of 7536341 and 5796?
23
What is the highest common divisor of 7830072 and 7128?
72
What is the greatest common factor of 2723757 and 13719?
51
What is the highest common divisor of 2491959 and 175236?
2577
What is the greatest common factor of 381840 and 41194?
86
Calculate the greatest common divisor of 226498 and 570818.
538
Calculate the greatest common divisor of 3680810 and 4760.
70
Calculate the highest common factor of 817 and 510561274.
817
Calculate the greatest common factor of 1016016 and 13176.
1464
Calculate the greatest common divisor of 45724056 and 1323.
147
Calculate the greatest common factor of 24740 and 36270.
10
Calculate the greatest common factor of 6510 and 4718420.
70
What is the greatest common factor of 238 and 1612569?
119
What is the highest common divisor of 28 and 227753162?
14
Calculate the greatest common factor of 466806 and 4710.
6
What is the greatest common factor of 6 and 14250495?
3
Calculate the greatest common factor of 1003990 and 9110.
10
Calculate the highest common divisor of 89957 and 413.
7
What is the highest common factor of 2519196 and 3961?
3961
Calculate the highest common factor of 169451084 and 124.
124
What is the highest common divisor of 31864 and 112?
56
What is the greatest common divisor of 68 and 18878534?
34
Calculate the greatest common divisor of 59013660 and 15.
15
What is the greatest common divisor of 72383472 and 12096?
1008
What is the greatest common divisor of 1967 and 212371089?
1967
What is the greatest common divisor of 287488 and 724?
4
Calculate the highest common divisor of 558675 and 238563.
117
What is the highest common factor of 63104 and 2604026?
986
Calculate the highest common factor of 1680 and 1016940.
60
What is the highest common divisor of 86860427 and 41?
41
What is the highest common divisor of 168921131 and 207?
23
What is the greatest common divisor of 22390476 and 107610?
1266
Calculate the highest common factor of 836 and 38473